lue of 12 + -2 - 12 - 7?
-9
What is -6 - ((4 - -1) + -6 - -1)?
-6
Evaluate -29 + (-27 - -54) - (2 + -8).
4
Calculate 6 - (10 + -17 + (4 - -1 - -5)).
3
Evaluate -25 - (-63 - (2 + -32)).
8
2 + -6 + (3 + (10 - 15) - -8)
2
What is the value of 3 - (-7 - -12 - -1) - 5?
-8
What is the value of 7 - -15 - 44 - 8?
-30
What is (-3 - (-4 - -7 - (-6 + 35))) + -5?
18
What is the value of 30 + -14 + (6 - 3) + 4 - 7?
16
What is 10 + -24 + 29 + 0 + 1?
16
Evaluate -14 + 11 + 8 + -10.
-5
Calculate -11 + (-35 - -51) - ((20 - 1) + -1).
-13
What is the value of (2 - -10 - (26 - (30 + -13))) + -23?
-20
Evaluate -3 + (-1 - (-1 - -2)) + (-262 - -283).
16
10 - (1 - -5 - -1 - 0)
3
Evaluate 4 + 0 + -5 + (-6 - -9) + 19.
21
9 + 19 + 9 + (-13 - 10)
14
What is the value of -8 - (5 - (-6 + 4) - 2)?
-13
What is 12 - (33 + -2 + 8)?
-27
-7 - (6 + (-1 - 6) - -7 - 1)
-12
Evaluate -24 + 35 + -31 + -2.
-22
Evaluate 9 - 0 - 8 - -21.
22
Evaluate -2 + 1 + (-1 - -11) - (-224 - -223).
10
Calculate 0 + (9 + 1 - (8 - 2) - 12).
-8
Evaluate (9 - ((2 - 4) + 0)) + 128 + -132.
7
Calculate -1 + -15 + 21 + -73 + 42.
-26
What is 6 + -2 + (5 - -1 - -2)?
12
What is the value of (-5 - -31 - 6) + -10 + 11?
21
5 + 7 - (-77 - -70)
19
Evaluate (10 - 7) + 25 - 14.
14
What is the value of -10 + 5 + 2 + 9?
6
-7 + -12 + 2 + (-17 - -7)
-27
What is the value of -15 - (21 - (13 + 10))?
-13
What is (-8 - -9 - -9) + -9?
1
Evaluate (-36 + 7 - -4 - 2) + (-3 - -3).
-27
-7 - -9 - (-17 - 0)
19
Calculate 1 - (6 - (12 - (-9 + 3))).
13
Evaluate 15 - 29 - ((0 - -9) + (-2 - 4)).
-17
(9 - (-3 - -9)) + 7
10
-21 - (13 + -24) - (21 - 11)
-20
Calculate -7 - (-12 + 13 + -6).
-2
What is the value of 95 + -89 + (-1 - -3 - (-2 + 0))?
10
What is -6 + -2 + -11 + 9 - -10?
0
What is the value of 13 - (5 + 2 - 5) - 8?
3
Evaluate -52 + 63 + (-12 - 0).
-1
Evaluate (8 - (-43 - -14)) + -36.
1
Calculate 15 - ((9 - -2) + -7) - 6.
5
Calculate -4 + (2 - (5 + -2)) + -4.
-9
Evaluate 1 - -5 - (11 + 11 + -6).
-10
Evaluate -4 + -9 + 17 + -12.
-8
Evaluate (0 - (-4 + 11 + -14)) + -4 - -31.
34
23 + -3 + 0 + -3 - (-67 - -75)
9
Calculate 57 - 93 - (6 - 9).
-33
Calculate (2 - (-6 - -6)) + 6 - 1.
7
Evaluate 15 + (-10 - 9) + -6.
-10
Evaluate 10 + (1 - (4 + -7)) + -13.
1
Evaluate 1 - -23 - (152 + -123).
-5
7 - (-3 - ((2 - -4) + 1 + -16))
1
What is 10 + 14 + -7 + -20?
-3
(-14 - (22 + -27)) + 22
13
667 - 668 - (1 - 28)
26
What is the value of (-32 - -62) + (0 - 17)?
13
What is -2 + -7 + 218 + -196?
13
-12 + (25 + -20 - (-12 + -1)) + -2
4
What is -3 + 0 - (-8 + 30 + -29 + 16)?
-12
-5 - (-5 - (-3 + (0 - -1)) - -2)
-4
What is -7 + -9 + (1 - -24)?
9
-118 + 113 - (-25 + -2)
22
43 + -4 + (19 - 59)
-1
-7 - (8 + (-9 - 5))
-1
What is the value of (-12 + 2 - -16) + 10?
16
-4 - -1 - (14 - (-4 + -9 - -46))
16
Evaluate 2 + -15 + (-3 - (-7 - 5 - -6)).
-10
Evaluate 4 + 13 + -10 + (-4 - -8).
11
Evaluate 18 + 0 - (-884 - -881).
21
Calculate (-1 - (3 + 1)) + (-4 - 7) + 4.
-12
20 + (3 - 12) - (37 - (-16 + 7))
-35
What is -19 + 14 + -9 - -22?
8
Evaluate -11 - -27 - (17 - -4).
-5
What is -23 - ((-2 - -1) + (31 - 27))?
-26
24 - (24 - (10 - 3))
7
What is the value of (-89 - -77 - (-17 + -1)) + -2?
4
Evaluate -297 - -283 - (-13 + -1).
0
What is 3 + (3 - (7 + -3)) + (1 - 3)?
0
Calculate 27 + -19 - -6 - -2.
16
What is the value of 7 + 4 + -15 + -6 - -3?
-7
Evaluate (36 + -10 - -7) + -2.
31
Calculate (3 + -5 - 2) + 0 + (3 - 2).
-3
What is the value of -7 + 8 + 1 + -6 - (-14 + 3)?
7
Evaluate 5 - (3 + -49 + 23).
28
What is (-103 - -132) + 6 + -33?
2
What is the value of (-36 - -9 - -7) + 8?
-12
(5 - 1) + 16 + -21 + 8 - -16
23
21 - 14 - (-1 + 0 + 6)
2
Calculate 17 + -65 - -42 - (0 + -16 + 0).
10
What is (-13 - -8) + -1 + 7 - 3?
-2
Calculate 14 + -6 - (-8 + 1) - 10.
5
Evaluate 6 - 1 - (40 - 42).
7
Evaluate 7 + -26 + (-1 - (0 - 9)).
-11
What is the value of 9 + -4 + -3 - (-20 - -18)?
4
What is (44 - 28) + -4 + 3?
15
Evaluate 3 + 0 - (3 - -1 - (111 + -104)).
6
What is -12 + -8 + 12 + 17?
9
Calculate 4 - (3 - ((0 - (7 + -4)) + 5)).
3
13 + (1 - 7 - (-122 + 116)) - 6
7
-10 + 32 + -36 + -2 + 4 + -1
-13
What is the value of (8 - -2) + (-19 - (-3 + 2 - -4))?
-12
What is the value of -14 - (12 + -25 - -11)?
-12
What is the value of (-2 - 7) + (-90 - -86)?
-13
Evaluate (2 - -3) + (-47 - -14) + 13.
-15
10 + (6 - 4) - (6 + -1 - 6)
13
What is the value of 1 + (-1 - 1) + -1 - (-3 + -11)?
12
-8 - (3 + -2) - (-40 - -20)
11
-14 + (21 - 11) - 5
-9
What is the value of 10 + -3 + -11 - 4?
-8
Calculate (5 + 2 - (6 + -3)) + 4.
8
Evaluate 2 - (4 + -9 + 5) - -9.
11
What is the value of 2 + 4 - (-18 + (9 + 5 - -27))?
-17
What is 3 + -1 + 6 + -9?
-1
Evaluate 27 + (-10 + 19 - (3 + 6 + 1)).
26
Calculate 8 + -2 - (13 - (9 - -14)).
16
What is the value of 0 + 1 + -2 + 5 + -2 + 7?
9
What is the value of -22 + (-18 + 9 - -18 - (0 - 0))?
-13
What is (6 - 2) + (58 - 80)?
-18
Evaluate 3 + (3 - ((-1 - -2) + 3)) - -4.
6
What is 6 + 28 + -11 - 18?
5
Calculate 8 - ((-16 - (8 + -21)) + -16).
27
What is -1 - (6 + (2 - 5) + -7)?
3
(2 - 1 - -4) + 5 + -22
-12
What is -4 + (5 - (-27 + 13))?
15
What is the value of -20 - -19 - ((2 - 3) + 0)?
0
Calculate (0 + -5 - -5) + (0 + -5 - 5).
-10
What is the value of 3 + (0 - -3) + -2 - (25 + 9)?
-30
What is -28 + 31 + 5 + -14?
-6
What is the value of -6 + (9 - (18 - (1 - -7))) + -8?
-15
Evaluate (9 - -9) + (-1 - 3) + 0.
14
What is -14 + (0 - -8 - (34 - 25))?
-15
What is the value of -306 - -298 - (1 + (1 - -1))?
-11
Evaluate 0 + (12 - 19) - (1 - -1).
-9
Evaluate -14 + (6 - (14 + -17)) + 1 + 2.
-2
Calculate (-2 - (3 + 27)) + 18 - (1 - 1).
-14
What is the value of (36 - 66) + 34 + 0 + -22 - -4?
-14
Calculate 12 + (-21 - -15) - -5.
11
Calculate (18 - (52 - 33)) + 13 + (0 - 0).
12
What is the value of -2 + (-17 + 3 - -9)?
-7
What is the value of (27 - 11) + 4 + -14 + 4?
10
What is (4 + -25 + 12 - 5) + 2?
-12
17 + (-20 - (0 + -13))
10
What is -13 + (-5 + 2 - (-19 - -15))?
-12
Calculate (15 - 9) + 17 + 6 + (-1 - 1).
27
-5 + -3 - (-15 + 17 + -13)
3
What is the value of -1 - (-1 - 0) - (-196 - -204)?
-8
Evaluate -4 + 1 + 4 + 0 + (-8 - -11).
4
Calculate -4 - (7 + -4) - (-78 + 98).
-27
What is the value of 2 - -1 - (-19 - -11) - 3?
8
Evaluate 1 + (4 - -1) + (39 - 49) - 3.
-7
((-17 - -5) + 30 - 25) + -1 + -3
-11
Calculate (3 - 2) + (-2 - (-8 + (-3 - 0))).
10
What is -28 - -31 - (5 - 9)?
7
4 + (-16 - (-24 - -12)) + -16
-16
What is -2 + (14 - 19) + 26 - 10?
9
What is (-83 - 3) + 43 + 28?
-15
What is (0 - 8) + (-1 - 0) + -55 + 53?
-11
Calculate 1 + 12 + -10 - -11.
14
Calculate -4 + 13 + -6 + -26 + 1 + 5.
-17
Evaluate -49 + 41 - -20 - 8.
4
Calculate -8 + (18 - (-19 + 21)).
8
What is 3 + -51 + -149 + 179?
-18
What is (9 - (0 + 3)) + -7?
-1
-22 + -36 + 47 + 3 + -18
-26
1 + 0 + (12 - 9 - 3)
1
Evaluate 136 + -133 - (2 + 12).
-11
What is the value of (-3 - -3) + -1 + 9 + (-4 - -4)?
8
Calculate (21 - 10) + -14 + 9.
6
Calculate 9 + -10 - (-3 - -1) - (0 - 11).
12
What is the value of 12 - (10 + (4 - 16)) - (0 - 0)?
14
Calculate -9 + 1 - -8 - (11 - (6 - 2)).
-7
What is 9 - (-15 - (-20 + -7))?
-3
27 + (2 + -8 - (0 - 3 - 1))
25
What is (4 + -13 - -4) + (-1 - -17 - -10)?
21
Evaluate 46 - (47 - (17 - 11)).
5
Evaluate 3 + (-1 - ((0 - -2) + -4 + -3)).
7
What is the value of (-4 + -8 - -23) + -29?
-18
What is the value of 6 + 5 + (10 + -25 - -7)?
3
What is the value of -110 + 101 + 10 + -4 + 7?
4
Evaluate -46 + 48 - (2 + -11).
11
Calculate 33 + -58 + (9 - 3).
-19
Calculate 30 + (-80 - (-23 - 6)).
-21
What is (-1 - -6) + -1 + (-2894 - -2863)?
-27
What is -20 + (-6 - (10 + -9) - -11)?
-16
What is 2 - 1 - (0 + 1 - (5 + -21))?
-16
Evaluate 269 + -211 + (-2 - 41).
15
What is the value of 9 - (8 - (-9 - (4 - 14)))?
2
-13 + -4 + 32 - 10
5
Evaluate (-7 - 8) + 49 + -50.
-16
What is the value of -22 - 7 - -37 - -19?
27
Evaluate (-20 - -16) + -2 - (-3 + -1 + -24).
22
What is the value of (-2 - -11) + (6 - 17)?
-2
Evaluate (-1 - 8) + (-39 - -85 - 37).
0
What is 5 + (-5 + -1 + 12 - 3)?
8
What is the value of 0 - (6 - 6 - 5) - (0 + 20)?
-15
Evaluate -16 - (-10 + (-15 - 5)).
14
Evaluate 22 + -25 + (-14 - -35).
18
(5 - (7 + -7)) + 3 - (0 + 6)
2
What is (21 - 39 - -15) + 4 + -2?
-1
What is 28 + -1 + -1302 + 1276?
1
Calculate 45 + -41 - 7 - (1 + -2 + -3).
1
Evaluate -11 - (-3 - ((1 - -2) + (-25 - -15))).
-15
19 + -147 + 177 + (-17 - 2)
